[INFO] fetching crate wallpaper-windows-user32 0.4.0...
[INFO] checking wallpaper-windows-user32-0.4.0 against master#e6e4f7ed1589e03bc2f6c5931c1a72e7947e8682 for beta-170-4
[INFO] extracting crate wallpaper-windows-user32 0.4.0 into /workspace/builds/worker-2-tc2/source
[INFO] validating manifest of crates.io crate wallpaper-windows-user32 0.4.0 on toolchain e6e4f7ed1589e03bc2f6c5931c1a72e7947e8682
[INFO] running `Command { std: CARGO_HOME="/workspace/cargo-home" RUSTUP_HOME="/workspace/rustup-home" "/workspace/cargo-home/bin/cargo" "+e6e4f7ed1589e03bc2f6c5931c1a72e7947e8682" "metadata" "--manifest-path" "Cargo.toml" "--no-deps", kill_on_drop: false }`
[INFO] started tweaking crates.io crate wallpaper-windows-user32 0.4.0
[INFO] finished tweaking crates.io crate wallpaper-windows-user32 0.4.0
[INFO] tweaked toml for crates.io crate wallpaper-windows-user32 0.4.0 written to /workspace/builds/worker-2-tc2/source/Cargo.toml
[INFO] running `Command { std: CARGO_HOME="/workspace/cargo-home" RUSTUP_HOME="/workspace/rustup-home" __CARGO_TEST_CHANNEL_OVERRIDE_DO_NOT_USE_THIS="nightly" "/workspace/cargo-home/bin/cargo" "+e6e4f7ed1589e03bc2f6c5931c1a72e7947e8682" "generate-lockfile" "--manifest-path" "Cargo.toml" "-Zno-index-update", kill_on_drop: false }`
[INFO] running `Command { std: CARGO_HOME="/workspace/cargo-home" RUSTUP_HOME="/workspace/rustup-home" "/workspace/cargo-home/bin/cargo" "+e6e4f7ed1589e03bc2f6c5931c1a72e7947e8682" "fetch" "--manifest-path" "Cargo.toml", kill_on_drop: false }`
[INFO] running `Command { std: "docker" "create" "-v" "/var/lib/crater-agent-workspace/builds/worker-2-tc2/target:/opt/rustwide/target:rw,Z" "-v" "/var/lib/crater-agent-workspace/builds/worker-2-tc2/source:/opt/rustwide/workdir:ro,Z" "-v" "/var/lib/crater-agent-workspace/cargo-home:/opt/rustwide/cargo-home:ro,Z" "-v" "/var/lib/crater-agent-workspace/rustup-home:/opt/rustwide/rustup-home:ro,Z" "-e" "SOURCE_DIR=/opt/rustwide/workdir" "-e" "CARGO_TARGET_DIR=/opt/rustwide/target" "-e" "CARGO_HOME=/opt/rustwide/cargo-home" "-e" "RUSTUP_HOME=/opt/rustwide/rustup-home" "-w" "/opt/rustwide/workdir" "-m" "1610612736" "--user" "0:0" "--network" "none" "ghcr.io/rust-lang/crates-build-env/linux@sha256:19e73879b68f455e41552ea35293514db52ea292d993f571636dbffedb77a1ee" "/opt/rustwide/cargo-home/bin/cargo" "+e6e4f7ed1589e03bc2f6c5931c1a72e7947e8682" "metadata" "--no-deps" "--format-version=1", kill_on_drop: false }`
[INFO] [stdout] 88f415ddb04bf144cbf175f768e2d5a6367f32701665f91f15895609b6bc2dd6
[INFO] running `Command { std: "docker" "start" "-a" "88f415ddb04bf144cbf175f768e2d5a6367f32701665f91f15895609b6bc2dd6", kill_on_drop: false }`
[INFO] running `Command { std: "docker" "inspect" "88f415ddb04bf144cbf175f768e2d5a6367f32701665f91f15895609b6bc2dd6", kill_on_drop: false }`
[INFO] running `Command { std: "docker" "rm" "-f" "88f415ddb04bf144cbf175f768e2d5a6367f32701665f91f15895609b6bc2dd6", kill_on_drop: false }`
[INFO] [stdout] 88f415ddb04bf144cbf175f768e2d5a6367f32701665f91f15895609b6bc2dd6
[INFO] running `Command { std: "docker" "create" "-v" "/var/lib/crater-agent-workspace/builds/worker-2-tc2/target:/opt/rustwide/target:rw,Z" "-v" "/var/lib/crater-agent-workspace/builds/worker-2-tc2/source:/opt/rustwide/workdir:ro,Z" "-v" "/var/lib/crater-agent-workspace/cargo-home:/opt/rustwide/cargo-home:ro,Z" "-v" "/var/lib/crater-agent-workspace/rustup-home:/opt/rustwide/rustup-home:ro,Z" "-e" "SOURCE_DIR=/opt/rustwide/workdir" "-e" "CARGO_TARGET_DIR=/opt/rustwide/target" "-e" "CARGO_INCREMENTAL=0" "-e" "RUST_BACKTRACE=full" "-e" "RUSTFLAGS=--cap-lints=forbid" "-e" "RUSTDOCFLAGS=--cap-lints=forbid" "-e" "CARGO_HOME=/opt/rustwide/cargo-home" "-e" "RUSTUP_HOME=/opt/rustwide/rustup-home" "-w" "/opt/rustwide/workdir" "-m" "1610612736" "--user" "0:0" "--network" "none" "ghcr.io/rust-lang/crates-build-env/linux@sha256:19e73879b68f455e41552ea35293514db52ea292d993f571636dbffedb77a1ee" "/opt/rustwide/cargo-home/bin/cargo" "+e6e4f7ed1589e03bc2f6c5931c1a72e7947e8682" "check" "--frozen" "--all" "--all-targets" "--message-format=json", kill_on_drop: false }`
[INFO] [stdout] 4dbd4d06c93babd60844f9e1f4138e4b7079d21467cd751e2ff8c77b85e5ef5c
[INFO] running `Command { std: "docker" "start" "-a" "4dbd4d06c93babd60844f9e1f4138e4b7079d21467cd751e2ff8c77b85e5ef5c", kill_on_drop: false }`
[INFO] [stderr]    Compiling winapi v0.3.9
[INFO] [stderr]     Checking widestring v0.4.3
[INFO] [stderr]     Checking wallpaper-windows-user32 v0.4.0 (/opt/rustwide/workdir)
[INFO] [stdout] error[E0433]: failed to resolve: could not find `shared` in `winapi`
[INFO] [stdout]  --> src/lib.rs:3:13
[INFO] [stdout]   |
[INFO] [stdout] 3 | use winapi::shared::minwindef::{MAX_PATH, TRUE, UINT};
[INFO] [stdout]   |             ^^^^^^ could not find `shared` in `winapi`
[INFO] [stdout] 
[INFO] [stdout] 
[INFO] [stdout] error[E0433]: failed to resolve: could not find `um` in `winapi`
[INFO] [stdout]  --> src/lib.rs:4:13
[INFO] [stdout]   |
[INFO] [stdout] 4 | use winapi::um::winnt::{HRESULT, PVOID, WCHAR};
[INFO] [stdout]   |             ^^ could not find `um` in `winapi`
[INFO] [stdout] 
[INFO] [stdout] 
[INFO] [stdout] error[E0433]: failed to resolve: could not find `um` in `winapi`
[INFO] [stdout]  --> src/lib.rs:5:13
[INFO] [stdout]   |
[INFO] [stdout] 5 | use winapi::um::winuser::{
[INFO] [stdout]   |             ^^ could not find `um` in `winapi`
[INFO] [stdout] 
[INFO] [stdout] 
[INFO] [stdout] error[E0433]: failed to resolve: could not find `shared` in `winapi`
[INFO] [stdout]  --> src/lib.rs:3:13
[INFO] [stdout]   |
[INFO] [stdout] 3 | use winapi::shared::minwindef::{MAX_PATH, TRUE, UINT};
[INFO] [stdout]   |             ^^^^^^ could not find `shared` in `winapi`
[INFO] [stdout] 
[INFO] [stdout] 
[INFO] [stdout] error[E0433]: failed to resolve: could not find `um` in `winapi`
[INFO] [stdout]  --> src/lib.rs:4:13
[INFO] [stdout]   |
[INFO] [stdout] 4 | use winapi::um::winnt::{HRESULT, PVOID, WCHAR};
[INFO] [stdout]   |             ^^ could not find `um` in `winapi`
[INFO] [stdout] 
[INFO] [stdout] 
[INFO] [stdout] error[E0433]: failed to resolve: could not find `um` in `winapi`
[INFO] [stdout]  --> src/lib.rs:5:13
[INFO] [stdout]   |
[INFO] [stdout] 5 | use winapi::um::winuser::{
[INFO] [stdout]   |             ^^ could not find `um` in `winapi`
[INFO] [stdout] 
[INFO] [stdout] 
[INFO] [stdout] error: aborting due to 3 previous errors
[INFO] [stdout] 
[INFO] [stdout] 
[INFO] [stdout] For more information about this error, try `rustc --explain E0433`.
[INFO] [stdout] 
[INFO] [stdout] error: aborting due to 3 previous errors
[INFO] [stdout] 
[INFO] [stdout] 
[INFO] [stdout] For more information about this error, try `rustc --explain E0433`.
[INFO] [stdout] 
[INFO] [stderr] error: could not compile `wallpaper-windows-user32` (lib test) due to 4 previous errors
[INFO] [stderr] warning: build failed, waiting for other jobs to finish...
[INFO] [stderr] error: could not compile `wallpaper-windows-user32` (lib) due to 4 previous errors
[INFO] running `Command { std: "docker" "inspect" "4dbd4d06c93babd60844f9e1f4138e4b7079d21467cd751e2ff8c77b85e5ef5c", kill_on_drop: false }`
[INFO] running `Command { std: "docker" "rm" "-f" "4dbd4d06c93babd60844f9e1f4138e4b7079d21467cd751e2ff8c77b85e5ef5c", kill_on_drop: false }`
[INFO] [stdout] 4dbd4d06c93babd60844f9e1f4138e4b7079d21467cd751e2ff8c77b85e5ef5c
